-j**3 - 23*j**2 + 44*j + 55. What are the prime factors of p(-27)?
1783
Let l be 4 + 4*1/2. Suppose 0 = a + l - 61. What are the prime factors of a?
5, 11
Suppose 3*f = 6*f - 12. Let s(r) = -24*r + 1. Let n be s(-4). Suppose -f*c - 12 = i - n, -c - 3*i + 24 = 0. List the prime factors of c.
3, 7
Let j be 26/(-91) + 30/7. List the prime factors of -1*26/j*(2 + -16).
7, 13
Suppose 0 = 39*u + 8589 - 71028. List the prime factors of u.
1601
Let r(g) = 7*g**2 + 40*g + 17. Let v(m) = 3*m**2 + 20*m + 9. Let b(p) = -4*r(p) + 9*v(p). What are the prime factors of b(14)?
97
Let g = -2 - -2. Let y(x) = -x**2 - x + 4. Let u be y(-2). What are the prime factors of g + 6 - (-6)/u?
3
Suppose 5*y - 38 = 2*h - 16, h - 3 = -y. Suppose -7*t = -y*t + 12. Let u(b) = b**2 - b + 5. List the prime factors of u(t).
5
Suppose -3*f - 885 = -t, -5*t - f = -6*t + 883. List the prime factors of t.
2, 3, 7
Suppose 16*o - 1192 = -2*i + 11*o, 4*i = -4*o + 2384. What are the prime factors of i?
2, 149
Let v(q) = 31*q**2 + 2*q + 1. Suppose -a = -2*a - 2*j + 8, -7 = a - j. Let z be v(a). Suppose 5*s + 3*c - 114 = z, 4*c = 0. List the prime factors of s.
47
Suppose 3*v + 21 - 48 = 0. Let j(m) = m**3 - 8*m**2 - 9*m + 4. Let w be j(v). List the prime factors of (-9768)/(-286) - w/26.
2, 17
Suppose -5*g + 15 = 5*n, 12 = -n + 5*n - 5*g. Let v = 19 + n. Let z = 34 - v. List the prime factors of z.
2, 3
Suppose -17 = -6*x + 2*x - l, 0 = 4*x - 5*l + 13. Suppose -2*w + 3*w = x*j - 72, 96 = 4*j + 2*w. Let c = -16 + j. List the prime factors of c.
2
Suppose -14*p + 10113 = -11*p + 3*a, 0 = -4*p + 2*a + 13496. List the prime factors of p.
3373
Suppose 3*u - 145 = -52. Let r = u + 110. What are the prime factors of r?
3, 47
Let k be (-31)/(-6) + (-3)/(-54)*-3. Suppose t + 56 = f, 50 = f - 0*t + k*t. What are the prime factors of f?
5, 11
Let a(w) be the third derivative of w**4/12 + 5*w**3/3 - 3*w**2. Let s be a(8). Suppose 4 + s = 5*n. What are the prime factors of n?
2, 3
Let n(a) be the second derivative of -a**4/12 - 7*a**3/3 + 3*a**2/2 + 2*a + 9. Suppose 3 = 2*b + 23. List the prime factors of n(b).
43
Suppose -2*p + 4 = -8. Suppose -10*r = -p*r + 4. Let s(g) = -42*g. What are the prime factors of s(r)?
2, 3, 7
Let c(p) = 12*p**2 - 14*p - 2*p**2 + p**3 - 12 + 0 - 2. List the prime factors of c(-10).
2, 3, 7
Suppose -3*g = -0*g - 9. Suppose 5*o - 6 = 9, 0 = 5*l - g*o - 626. What are the prime factors of l?
127
Let o = -9 + 20. Suppose 5*d = o*d - 636. What are the prime factors of d?
2, 53
Let p be 6/(436/112 + -4). Let w = p - -77. What are the prime factors of w?
3, 7
Suppose -t = 4*x + 2*t + 14, 3*t + 2 = 2*x. Let h be (-579)/(-5) + x/(-10). Suppose 4*v - h = -0*v. What are the prime factors of v?
29
Let q(u) be the second derivative of 7*u**4/4 + u**3/3 + 3*u**2/2 - 23*u. What are the prime factors of q(3)?
2, 3, 11
Let w = -455 - -733. List the prime factors of w.
2, 139
Suppose -4*o = -54 - 178. Let y = 282 - o. List the prime factors of y.
2, 7
Let o(g) = g**2 + 13*g + 3. Suppose x - 4*r = 7, -3*r = -3*x + 2*r - 14. Let v be o(x). Suppose 0 = -v*l + 73 - 7. What are the prime factors of l?
2, 11
Suppose 3*z - 466 = -0*n - n, -n = 2*z - 468. What are the prime factors of n?
2, 59
Suppose -2*p = 10, -3141 = -222*r + 218*r + p. List the prime factors of r.
2, 7
Let s(z) = -z - 13 + 21 + 42 + 0. List the prime factors of s(17).
3, 11
Suppose -2396 = -2*m + u, -2*u = 3*m - 4*u - 3593. What are the prime factors of m?
11, 109
Let d be 2*1 - (-8)/(-4). Suppose d = 2*i - 6 + 2. Suppose 32 = i*o - 14. List the prime factors of o.
23
Suppose 0 = -3*h + 3*x + 1692, 4*h - 3558 = -3*x - 1323. What are the prime factors of h?
3, 11, 17
Let j(u) be the second derivative of -1/2*u**2 + 0 - 1/20*u**5 + 5/12*u**4 + 3*u + 3/2*u**3. List the prime factors of j(6).
17
Let r(f) = 39*f**2 - f - 1 + 8*f**2 + 1. List the prime factors of r(1).
2, 23
Suppose 28*j - 37*j + 3960 = 0. List the prime factors of j.
2, 5, 11
Suppose 0 = 5*t - t - 2*y - 14262, 3*t + y = 10704. What are the prime factors of t?
3, 29, 41
Let j(s) = -5*s + 11. Let w(o) = 4*o - 10. Let i(f) = -2*j(f) - 3*w(f). Let a be i(4). Let v = a + 16. What are the prime factors of v?
2
Let i = 721 - 433. List the prime factors of i.
2, 3
Let c be 11 + -4 - (-2 + 7). Suppose -a - 96 = -c*p, 4*p - 4*a - a = 186. What are the prime factors of p?
7
Let f = 9 + -5. Suppose -308 = -f*t + 4*z, -5*t + 371 = 5*z + 26. What are the prime factors of t?
73
Let j = 175 + -19. List the prime factors of j.
2, 3, 13
Let q be (364/(-12))/7 + 2/6. What are the prime factors of (54 - -2) + q + 0?
2, 13
Suppose -384*w + 2262 = -381*w. List the prime factors of w.
2, 13, 29
Let m(j) = 303 + 4*j - 64 - 2*j + j**2 + 2*j. What are the prime factors of m(0)?
239
Suppose 20 = 3*m - 13*m. List the prime factors of 6 + -1 + m + 26.
29
Let v(b) = -3*b**2 - 1 + 3 + b**3 - b - 4*b**3. Let x(a) = a**3 + 7*a**2 - 2*a - 16. Let c be x(-7). What are the prime factors of v(c)?
2
What are the prime factors of ((-43920)/216)/(4/(-42))?
5, 7, 61
Suppose -22 = -139*b + 140*b. Let o(m) = m**3 + 22*m**2 - 13*m - 45. What are the prime factors of o(b)?
241
Let w(y) = -y**2 + 11*y + 4. Let a be w(11). Suppose t + 0 = -20. List the prime factors of t/(-11) - a/(-22).
2
Suppose -3*v + k + 108 = 0, 0 = -0*v - 3*v + 4*k + 117. Suppose 2*j - 58 = 5*g, -3*j + 32 = 2*g - 4*g. What are the prime factors of (22/g)/((-7)/v)?
11
Let p(w) = 3*w + 16. Let z(s) = -1. Let c(b) = -p(b) - 3*z(b). Let x be c(9). Let k = -23 - x. What are the prime factors of k?
17
List the prime factors of (0 - -314 - 3)*1.
311
Let w(t) = -t - 5. Let r be w(-5). Let o(p) = 11 + p + 1 + 12 + p**3 - 7. List the prime factors of o(r).
17
Let d = 78 + -109. Let t = d + 42. List the prime factors of t.
11
Let g = -535 - -370. Let w = 240 + g. Suppose 3*m = -9, 2*k - m - w = 2*m. What are the prime factors of k?
3, 11
Let w(g) = 36*g**3 + g**2 - 3*g + 5. Let a be w(2). Suppose -6*l + 183 = -a. What are the prime factors of l?
79
Let p(u) be the second derivative of u**7/140 - u**6/240 - u**5/40 + u**4/12 + 4*u. Let v(r) be the third derivative of p(r). List the prime factors of v(-1).
2, 3
Let b(n) be the first derivative of -n**4/2 - 2*n**3/3 + 4*n - 4. Let g be b(-4). Suppose -g = -3*k - 2*k. What are the prime factors of k?
2, 5
Suppose -9*u + 295 - 88 = 0. Suppose u = 5*b - 62. List the prime factors of b.
17
List the prime factors of (15864/8)/(0 - -3).
661
Let u(p) = 728*p**2 + 14*p - 7. What are the prime factors of u(2)?
7, 419
What are the prime factors of (-2 + (-456 - -9))*-4?
2, 449
Let f(a) = -10*a - 14. Let t be f(-11). Suppose 168 = 5*n + 3*u, 3*u = -3*n - 0*u + t. List the prime factors of n.
2, 3
Let r(k) = 2*k**2 + 8*k - 2. Suppose 2*x = -5*t - 40, 4 = -4*t - 2*x + 6*x. What are the prime factors of r(t)?
2, 11
Suppose 9*x - 6575 - 1687 = 0. List the prime factors of x.
2, 3, 17
Let b(p) = -8*p**2 + 17*p + 10*p**3 + 9*p**2 - 20*p. List the prime factors of b(2).
2, 3, 13
Let n(v) = 56*v**2 + 2*v - 10. List the prime factors of n(3).
2, 5
Let z = 2554 - 251. List the prime factors of z.
7, 47
Let i = -236 + 370. Let r = i + -15. List the prime factors of r.
7, 17
Let x be (1/2)/((-3)/(-6)). Let s(p) = 3*p - 5*p + p - x + 0. List the prime factors of s(-3).
2
Let a(j) = -14 - 8 - 13*j**2 + 5*j + j**3 + 0*j - 6*j. List the prime factors of a(14).
2, 5
Let h(l) = -l**3 + 7*l**2 - 4*l - 9. Let o be h(6). Suppose -24 = -o*s + 4*i + 575, i + 2 = 0. List the prime factors of s.
197
Suppose 0 = -2*x + s + 2113, 5*x - 6561 = 5*s - 1291. What are the prime factors of x?
3, 353
Let z(i) = -i + 1. Let q(p) = 5*p + 25. Let x(y) = -q(y) + 2*z(y). What are the prime factors of x(-11)?
2, 3
Let s be (-6)/27 - 94/(-18). Suppose l - 2*n = s, 7 = 3*n - 2. Suppose l*r = 7*r + 12. What are the prime factors of r?
3
Let o(n) = -80*n - 10. What are the prime factors of o(-12)?
2, 5, 19
Let c(o) = 7*o**2 + 18*o + 182. List the prime factors of c(-8).
2, 3
Let v = 2668 - 1160. List the prime factors of v.
2, 13, 29
Suppose 2555 = -5*j + 6780. Suppose -5*a + 145 = -j. What are the prime factors of ((-1)/3)/((-2)/a)?
3, 11
Let f(y) = 7*y**2 - 100*y - 139. What are the prime factors of f(36)?
5333
Let u = 64 + -92. Let z = 779 - 831.